se
Let r(f) = -18*f**2 - f + 1. Suppose 4*s + s = -5. Let y(j) = j**2 - j + 1. Let m(k) = s*r(k) + 2*y(k). Is m(2) prime?
True
Suppose 0 = 3*h - h + 6, -4*q = 5*h + 55. Is (-2164)/q + 18/30 a prime number?
False
Let z = -17 - -11. Let q = z - -2. Is ((-2)/q)/(1/26) a composite number?
False
Let h be 3 + 1*0/2. Suppose -h = -2*c + c. Is (-106)/c*(-3)/2 a composite number?
False
Let u = 84 + -50. Is u prime?
False
Let i(o) = 7*o - 3. Let h = 17 - 10. Let g = h + 1. Is i(g) a prime number?
True
Let b be ((-12)/3)/4*-109. Suppose j - 690 = -b. Is j prime?
False
Is 18/(-12) - (-25460)/8 prime?
True
Suppose 0 = -2*y + 4 - 0, -2*y + 204 = 4*g. Let w = g + -10. Suppose 2*h - w = -2*h. Is h a prime number?
False
Let g(c) = -c**3 - 4*c**2 + 2*c + 3. Let x(v) = -v**2 + 5*v - 1. Let f be x(6). Let h be g(f). Suppose 0 = -4*z + h - 12. Is z prime?
True
Suppose -5*u + 0*b + 743 = b, 0 = 2*u + b - 296. Is u a prime number?
True
Let r = 65 - -84. Is r a composite number?
False
Suppose 2*t - 13 = 27. Suppose -4*l + 86 = 2*k, 3*l + 0*l - 180 = -5*k. Let v = k + t. Is v a composite number?
False
Let c be 1/(-3) + (-21)/(-9). Suppose -c*i + 360 = 5*x, -2*i - x + 214 = -154. Suppose -i = -5*l - 0*r + 2*r, 148 = 4*l + 2*r. Is l a prime number?
True
Let i = 4 - 2. Suppose w = -i*w. Suppose -4*s + 72 + 52 = w. Is s a composite number?
False
Let w(r) = 2*r - 2*r**3 + r**2 + 6*r**3 + 1 - r**3. Let q be w(2). Suppose 2*i - q = i. Is i a prime number?
False
Let o(i) = -20*i. Let u be o(5). Is 0 - (0 + (u - -3)) a composite number?
False
Suppose 0 = 3*g - 7309 - 3476. Is g composite?
True
Let v be 3*((-1)/1 + 2). Suppose -2*k - 2*d + 389 = v*d, -3*k + 4*d + 641 = 0. Suppose -3*s + 4*s = 2*r + k, s = -2*r + 215. Is s prime?
True
Let i(u) = -u**3 + u**2. Let g be i(-1). Suppose 2*h - 3*n - 11 = 0, g*h + 5*n = 7*h - 40. Is h a prime number?
True
Let s be 2/7 - 4/14. Suppose s = r - 6*r + 20. Let f = 23 - r. Is f a composite number?
False
Let j = 118 + -35. Is j a composite number?
False
Let x = -19 + 62. Is x composite?
False
Let a = -1712 + 2521. Is a composite?
False
Let n be (2 + -1)*1 + 1. Let s(b) = -n + 2*b + 0*b - b. Is s(6) a composite number?
True
Let t(g) = -3*g**3 + 8*g**2 + 6*g + 6. Is t(-5) a composite number?
True
Let r be -4*(2 + 101/(-4)). Suppose 0*v = -5*v. Is (-2)/6*(v - r) a composite number?
False
Let z = -295 + 634. Is z a prime number?
False
Suppose 3*f - 40 = 8*f. Let h = f + 107. Let v = h + -46. Is v composite?
False
Let w(n) = -22*n**3 - 2*n**2 - 3*n**2 - n + 11 + 21*n**3. Is w(-8) prime?
True
Let t(p) = -p**3 - 7*p**2 - 7*p - 2. Let l be t(-6). Suppose -2*g + 1155 = l*f + f, 0 = -4*f - 2*g + 922. Is f a composite number?
False
Let v be (-2)/(-9) - (-2)/(-9). Suppose u = -r + 266, 523 = 2*u - r - v*r. Is u prime?
True
Let g = -193 + 486. Is g a prime number?
True
Suppose -2*g = -4*g. Suppose g = -4*d + 5*d - 127. Is d composite?
False
Let c(y) = -3*y - y**3 - 4*y**3 + 5*y**3 - 6*y**2 - y**3. Let h be c(-5). Is (19/(-2) + -2)*h composite?
True
Suppose q - 20 = -4*q. Suppose 12 = q*b - 344. Is b a prime number?
True
Suppose 1456 - 4378 = -6*a. Is a a composite number?
False
Let o(n) = 3*n**2 + 25*n + 9. Is o(-13) a prime number?
True
Let a be (0 + -2 + 1)*1. Let l = 9 + a. Let m = -5 + l. Is m composite?
False
Suppose -3*n - 2*v = -1096 - 423, 3*n - 1499 = 2*v. Is n prime?
True
Let c(j) = 2079*j**2 + j. Is c(-1) a prime number?
False
Let h(r) = -r**2 + 3*r + 2. Suppose 2*b - 5*s - 16 = 0, -2*b - 2*b = s - 10. Let f be h(b). Suppose 5*a = 2*o - 60, -4*o + f*a - 7*a + 90 = 0. Is o composite?
True
Suppose 4*l + 416 = 4*j, -4*l = j - 0*l - 114. Is j prime?
False
Suppose -4*o = -3*n + 863, 3*n + 2*o = 3*o + 875. Is n prime?
True
Suppose -1 = q - 11. Is q a composite number?
True
Let l = 290 + -169. Let a = l - 29. Suppose -n = n - a. Is n prime?
False
Let x(m) be the third derivative of -m**4/4 - m**3/6 - 4*m**2. Let y = 10 - 14. Is x(y) composite?
False
Let h = -5 - -5. Let q be 0/((-2)/(h + 1)). Suppose -4*m + 349 = 3*l, q*l + 81 = m + 2*l. Is m a prime number?
False
Let h = 16 + -7. Suppose k - h = 22. Is k a composite number?
False
Let q(k) = 10*k**2 - 2*k. Let h be q(-2). Suppose 2*v - 6 = h. Let g = v + 6. Is g prime?
True
Let f(v) = 24*v**3 + 13*v**2 + v + 5. Is f(6) prime?
False
Is -1 + 119 + 6 + -9 composite?
True
Let n = 11 - 6. Suppose 4*i - 156 = p - n*p, 2*i - 4*p = 54. Is i composite?
True
Let a = 102 + 31. Is a a composite number?
True
Let j = -542 - -969. Is j composite?
True
Let q(c) = 35*c + 3. Let v = -9 + 10. Is q(v) a prime number?
False
Let t(y) = -7*y + 2. Let i(p) = 15*p - 4. Let d(j) = -6*i(j) - 11*t(j). Is d(-11) a composite number?
True
Let s = 1342 + -875. Is s a prime number?
True
Let u be 16/(-24)*(-7 - -1). Let j be (-76)/18 - u/(-18). Let t = j + 63. Is t composite?
False
Let o(f) = f + 1. Let z(i) = 9*i + 2. Suppose 2*p + 0 = -2. Let m(t) = p*z(t) + 3*o(t). Is m(-3) a prime number?
True
Let f = 832 + -313. Is f a prime number?
False
Suppose 0 = -g - 3*g + 4*v + 8, 0 = 3*g + 3*v + 24. Let i = 3 + g. Suppose 3*p - 62 - 7 = i. Is p prime?
True
Let a be 42 + (-9)/(-6)*2. Is (1962/a)/(4/10) a prime number?
True
Let k(m) = -m**2 + 5*m - 2. Suppose 0 = 5*l - 2*p - 19, -4*l + 5*p + 6 = -16. Let x be k(l). Suppose -x = -4*f - w + 5*w, -w + 2 = 0. Is f a composite number?
False
Let x be 2*-1 - (-17 + 3). Let y be x/9*(-4 - 2). Let s(d) = -d**3 - 8*d**2 - 6*d + 11. Is s(y) a composite number?
False
Suppose -5*l + 30316 = -33159. Is l prime?
False
Suppose 2*y = 5*m + 5, 0 = 3*y - 3*m - 3. Suppose -t + 149 + 42 = y. Is t composite?
False
Suppose -5*p + 5*g = -15, p - 3*g + g = 2. Suppose -p*q = -5*q + 9. Is q prime?
False
Let s(n) = -2*n + 7 + 3*n + 0*n. Let d be s(-7). Is -2 + d - (-25 + 0) prime?
True
Let i(t) be the third derivative of -t**5/60 + t**4/4 - t**3/6 + 3*t**2. Let b be i(6). Is 2 + 1*30 + b prime?
True
Suppose 6*w - 9318 = -2340. Is w prime?
True
Suppose -3*s - 3*k + 15 = 3, -s + 2*k = -4. Suppose -2*r + 0*r - 4*l = -4, -4*r + 24 = s*l. Is r a composite number?
True
Let f(x) = 31*x + 5. Let n be f(6). Is 6/(-4)*-2*n a prime number?
False
Let y(l) = 2*l + 4. Let f be y(-4). Let s = f + 37. Is s a composite number?
True
Let c = -109 + 158. Is c a prime number?
False
Suppose 2*j + 452 = u - j, -4*u + 1769 = j. Is u prime?
True
Suppose 4*o + o = 2*i - 7, -5*o - 4*i = 1. Is (-72 + 5)/(0 + o) composite?
False
Let x = 1110 - 49. Is x prime?
True
Let o(n) = -354*n**2 - 2. Let l be o(2). Is l/(-18) - 4/(-18) a composite number?
False
Suppose -4*v = -175 - 237. Is v composite?
False
Let z(j) = -j**2 - 9*j + 3. Let g be z(-8). Let t = 22 - g. Is t prime?
True
Suppose -y = -0*y - 2. Suppose -y*g = -0*g - 178. Is g a prime number?
True
Is (-11)/44 - (-8199)/12 composite?
False
Let q = 943 + -390. Suppose 2*u + 5*v = -0*v + 246, q = 5*u - 3*v. Is u a composite number?
False
Let z = 14 + 97. Is z composite?
True
Let s = 2151 + -656. Let i = s - 1026. Is i prime?
False
Let b = -372 - -607. Is b composite?
True
Is (-894)/4*(-16)/24 a prime number?
True
Let d be 2 - 4 - (0 + -5). Is (-79)/d*(-5 + 2) prime?
True
Let h = 466 - 129. Is h prime?
True
Let z = -18 + 26. Suppose 5*h + 22 = -z. Is (4/h)/((-10)/105) composite?
False
Suppose -4*g = -5*w - 12, 7 = 3*g + 3*w - 2. Suppose 83 = v - t - t, -4*v = -g*t - 322. Is v a composite number?
False
Let i be (9/(-12))/(1/4). Let o be (2/i)/((-2)/12). Suppose 3*g + 23 = o*g. Is g composite?
False
Let t = -46 - -83. Suppose t = 2*a - 1. Is a prime?
True
Suppose 10*p - 296 = 2*p. Is p a prime number?
True
Is ((-636)/30)/((-6)/165) a composite number?
True
Let w = -5 + 10. Suppose -4*y + 0*j = j - 7, 3*y - w*j = 34. Suppose y*f + 0*f = 705. Is f composite?
True
Let h(p) = -13*p + 14. Let w be h(-12). Suppose -5*z + w = -3*z. Is z a prime number?
False
Suppose y - 3*y + 5*b + 29 = 0, 0 = -4*y + b + 13. Let f be 1/y + (-18)/(-4). Is f + -2 + 6/2 a prime number?
False
Let v(m) = 53*m**2. Is v(1) a composite number?
False
Let i = 1501 + 200. Let f = i - 904. Is f composite?
False
Let g = 471 - 208. Is g prime?
True
Suppose -62 = -4*g + 2*i - 0*i, 20 = g - 5*i. Is g composite?
True
Let v(c) = 9*c - 8. Is v(7) a prime number?
False
Suppose 0 = -n - n + 1482. Let s = 1042 - n. Is s a prime number?
False